r - 22 + 100, -4*r = -4*p + 84. Let a = 23 - p. Suppose 754 = a*m + 2*v, -4*m - 3*v = -2*v - 602. List the prime factors of m.
2, 3, 5
Suppose -2 = -7*x + 2*o + 12, -5*x = 3*o - 10. Let k(i) = 3*i - 8 + 53*i**2 + 0 + i. What are the prime factors of k(x)?
2, 53
Let g(d) = 14*d**3 + 8*d**2 - 42*d + 343. List the prime factors of g(8).
7687
Suppose -4*k = 2*j - 6*k - 14, -3*j - 2*k + 6 = 0. Suppose 3*x - j*x + 318 = 0. What are the prime factors of x?
2, 3, 53
Suppose -216990 = 30*g - 82*g - 80334. List the prime factors of g.
2, 3, 73
Let v = -358 + 360. Suppose v*c = 2*j - 1088, -519 - 1664 = -4*j - 3*c. List the prime factors of j.
5, 109
Suppose 4*i + 402 = -3*z, 3*i + 402 = -3*z - 2*i. Let j be (-1206)/4*(-20)/30. Let u = j + z. List the prime factors of u.
67
Suppose -4*i + w - 16 = -3*w, -5*i + 16 = 4*w. Suppose 5*a - s = 22, -3*a - 2*a + 5*s + 30 = i. Suppose a*o - o = 291. What are the prime factors of o?
97
Let i = -3980 + 28672. List the prime factors of i.
2, 6173
Let k = -124 - -122. Let n(s) be the first derivative of -2*s**4 - 4*s**3/3 - 2*s**2 - 4*s - 1. List the prime factors of n(k).
2, 13
Suppose 0 = -2*o + 3*s + 284, o - 231 = -5*s - 63. Let h = 136 + o. List the prime factors of h.
2, 71
Suppose 258610 = 8*z + 102*z. List the prime factors of z.
2351
Let u(t) be the first derivative of -11*t**2 + 13*t - 1. Let s be u(-3). Suppose -2*r = -r - s. What are the prime factors of r?
79
Let v(z) = -3935*z + 2419. List the prime factors of v(-10).
3, 7, 13, 17
Let k(a) = a**3 + 7*a**2 + 3*a - 16. Let x be k(-6). Suppose 12 = x*y - y. Suppose 3*f = y, 3*f = 6*v - v - 298. List the prime factors of v.
2, 31
Let n = 6746 + 20503. List the prime factors of n.
3, 31, 293
Suppose 4*w = r + 35221, -4*w = 31*r - 33*r - 35218. List the prime factors of w.
2, 7, 17, 37
Suppose -x + 5*z + 28 = 0, 28 - 6 = -x - 5*z. Suppose -106 + 43 = -x*v. List the prime factors of v.
3, 7
Let c be (0 - 4739) + -2 + 1. What are the prime factors of (c/80)/(0 - 6/16)?
2, 79
List the prime factors of ((-1)/3)/(-3*6/84510).
5, 313
Suppose -4*h - 2*l = -24058, 3*h - 18041 = -6*l + 2*l. List the prime factors of h.
3, 5, 401
What are the prime factors of ((-42)/14 - -10) + (-1 - -39291)?
3, 13099
Let w(s) = 3*s**2 + 15*s - 30. Let h be w(15). Suppose 2*k + h = -8*k. What are the prime factors of (k/(-3))/((-2)/(-10))?
5, 29
Suppose 0 = -5*o - 3*t + 3676, -5*o + t + 3662 = -3*t. List the prime factors of o.
2, 367
Let y(w) = -w**3 - w**2 + w - 1. Let n(c) be the first derivative of 16*c**3/3 + 10*c**2 + 7*c + 5. Let a(v) = n(v) + y(v). What are the prime factors of a(16)?
2, 43
Let c(a) = -5*a**3 - 17*a**2 + 8*a - 203. List the prime factors of c(-17).
7, 31, 89
Let w(u) = u**2 + 173*u**3 + 6*u + 2 - 177*u**3 - 4*u**2. What are the prime factors of w(-4)?
2, 3, 31
Let v(k) = 4*k - 16. Let i be v(6). Suppose 3*l = 0, 3*p - 525 = -i*l + 3*l. Suppose -o + p = 3*o - 5*h, o - 3*h = 49. List the prime factors of o.
2, 5
Suppose 69*g + 17*g = 199950. What are the prime factors of g?
3, 5, 31
Let m = -12454 - -12464. Suppose -4*o - 55 = 2*v - 3*v, 4*v = 4*o + 280. What are the prime factors of v/m + (12/8 - 3)?
2, 3
What are the prime factors of (3 + -4)/(70/(-1196440))?
2, 4273
Suppose -b - 10511 = -g, 0 = -5*g + 235*b - 237*b + 52576. List the prime factors of g.
2, 7, 751
Let p be ((-8)/7)/((-10)/35). Suppose 452 = -p*t + 1448. Let h = -4 + t. List the prime factors of h.
5, 7
Let f(l) = -12*l**3 - 16*l**2 + 5*l + 14. Let a be f(-7). Suppose -731 = 6*r - a. What are the prime factors of r?
2, 5, 43
Let q(k) = -39*k**3 + 8*k**2 + 18*k + 2. Let a be q(-3). Suppose 5*u - 191 = 3*d + a, u - 248 = -d. List the prime factors of u.
251
Let h be 1/(-2) - 105/(-30). Let f be (h/(-2))/((-10)/4 - -2). Suppose -5*d + f*m + 27 = 0, -2*d - 4*m + 17 - 1 = 0. List the prime factors of d.
2, 3
Let h = -403 - -675. Suppose 2*q = -4*v + 5*v - 263, -h = -v - q. Suppose -3*d + 148 = -v. What are the prime factors of d?
139
Let r be (-12)/10*((-3)/6 - 2). Suppose 2*v - r*v = -m - 54, -4*v = m - 191. Let d = -17 + v. List the prime factors of d.
2
Let n(t) = 54*t + 67. Let c be n(-11). Let r = 874 + c. What are the prime factors of r?
347
Let a = -3057 + 4549. List the prime factors of a.
2, 373
Suppose 121*h - 1775466 = 94*h. List the prime factors of h.
2, 7, 11, 61
Let c be 3590/(-30) - (1 + (-15)/9). Let w = 90 + c. Let g = w + 99. What are the prime factors of g?
2, 5, 7
Let n = 111 - 106. Let o(u) = 7*u + 12*u**2 - 6*u**2 + 2*u - n*u**2 + 8. What are the prime factors of o(5)?
2, 3, 13
Let j = 1 - 3. Let f be (-3 + 6 + -15)/((-72)/120). List the prime factors of 4595/f + 2/(j - -10).
2, 5, 23
List the prime factors of 92/(-207) - 12/8*(-7229296)/216.
61, 823
Let w be (1 - 1) + 0 + 2. Let a be -24 - 8 - -26 - (-9 + 0). Suppose 3*v = -a*u + 159, 2*u - u + 115 = w*v. What are the prime factors of v?
2, 7
What are the prime factors of 31916/(-474)*(-1818)/4?
3, 101
Let n(b) = -b + 5. Let k be n(5). Suppose k*s + 10*s = 0. Suppose -5*z + 388 = 3*h, s = -2*h + h - 4*z + 120. List the prime factors of h.
2, 17
Let f = 3223 + -2898. Let a be (-3 - (1 + -2)) + 5. Suppose a*z = 0, -5*v = z - 2*z - f. What are the prime factors of v?
5, 13
Let m(i) be the first derivative of -i**4/4 + 5*i**3 - 7*i**2/2 + 14*i - 30. List the prime factors of m(11).
421
Suppose 0 = 9*d - 380 - 88. Suppose -3*s + 689 = 2*f, -3*f + d = -s + 267. What are the prime factors of s?
227
Let n(f) = f**2 - 11*f + 14. Let j be n(10). Suppose -j*c + c + 1128 = 0. Suppose 4*s + 640 = 5*h, -3*h = 2*s - 6*s - c. List the prime factors of h.
2, 3, 11
Let s(t) = -t. Let g(l) = -4*l - 113. Let v(y) = -g(y) + 5*s(y). Let a be 6/10 + 6*7/(-70). What are the prime factors of v(a)?
113
Suppose -2*h - f = -32, 4*f = 1 + 15. Suppose -h*o + 19*o = 3930. What are the prime factors of o?
2, 3, 131
Let l = -101436 - -157366. What are the prime factors of l?
2, 5, 7, 17, 47
Suppose 3*i - 18 = -2*a, 2*a = -2*i + 8 + 10. Let b be a/6*3/(-9)*670. Let f = -150 - b. What are the prime factors of f?
5, 37
Let t = -4576 + 3006. Let x = -3244 - t. What are the prime factors of x/(-21) + ((-12)/21)/(-2)?
2, 5
Suppose -r - 2*r + 23 = 2*s, -2*r - 8 = -s. What are the prime factors of ((-54)/s - -3)/(9/(-210))?
2, 7
Suppose 81667 + 19941 = 26*t. List the prime factors of t.
2, 977
Let c(u) = u**3 - 7*u**2 + 209*u + 6. List the prime factors of c(26).
2, 7, 653
Suppose 0 = -2*b - 2*g + 64336, 43*g - 42*g = 8. List the prime factors of b.
2, 3, 5, 67
Suppose -5*z + 14127 = r, 3*z + 261 - 14388 = -r. List the prime factors of r.
3, 17, 277
Suppose 0 = 2*t + 7 - 11. Suppose 0*h = 5*h, 0 = 3*i - t*h - 933. What are the prime factors of i?
311
Let m(d) = -4*d + 5. Let b be m(2). Let u be 130*b/(-4 + 1). Suppose -4*q + 258 = -u. List the prime factors of q.
97
Suppose 0 = 3*m + 2*m + a - 675, 5*m - 675 = 4*a. Suppose -7*c = -2*c - m. What are the prime factors of c?
3
Let u(a) = -92*a**2 - 10*a - 36. Let m(d) = 93*d**2 + 12*d + 38. Let h(n) = -2*m(n) - 3*u(n). What are the prime factors of h(-4)?
2, 181
Let r be (0 + (-56)/(-12))/(6/(-369)). Let l = 515 - r. List the prime factors of l.
2, 401
Let w(x) = 3*x**3 + 4*x**2 - 4*x - 15. Let u be w(-6). Let p = u + 712. List the prime factors of p.
7, 31
Suppose -5*i + 219004 = f, 9*f - 13*f + 43816 = i. What are the prime factors of i?
2, 3, 5, 73
Let p = 14570 - -5387. What are the prime factors of p?
7, 2851
Let u(k) = 345*k - 14. Let w be u(-1). Let p = w + 570. What are the prime factors of p?
211
Let p be (-88)/16 + (1/2)/(-1). Let b be p/(-2) + -42 + 3. List the prime factors of (-1863)/b - 1/(-4).
2, 13
Let m(l) = l**3 - 2*l**2 + 4*l - 7. Let p be m(4). Suppose 0 = 5*c - 20, -f - 2*f + p = -4*c. Let k = -13 + f. What are the prime factors of k?
2, 3
Suppose 0*g - 3 = -3*g. Let q(t) = 10*t + g + t + 16*t. List the prime factors of q(6).
163
Suppose 30629 = 3*y + 5*r, -114*r = y - 111*r - 10211. What are the prime factors of y?
2, 11, 29
Let m = 11725 - 7299. List the prime factors of m.
2, 2213
Suppose 30911 - 114608 = -5*v - y, v - 16759 = -3*y. List the prime factors of v.
2, 8369
Let u = -39 - -38. Let n be u + 0 + (-5 - -11) + -1. Suppose 0 = -3*i + 6*x - x + 305, -x - n = 0. What are the prime factors